 3052. What is k(-23)?
628
Let x(s) = 292*s + 3214. Determine x(-11).
2
Let z(d) = -d**3 - 12*d**2 - 344*d - 7284. Give z(-17).
9
Let f(s) = 133769*s + 3344249. What is f(-25)?
24
Let n(k) = 2*k**3 + 31*k**2 - 42*k - 417. Determine n(-16).
-1
Let b(t) = -192798*t + 36. What is b(0)?
36
Let y(w) = w**3 + 698*w**2 + 14143*w - 50094. What is y(-677)?
4
Let v(q) = q**2 - 770*q + 120013. What is v(217)?
12
Let r(f) = 1486*f + 25218. What is r(-17)?
-44
Let n(w) = 705*w**2 + 38059*w - 475. Determine n(-54).
119
Let j(n) = 2191*n + 231208. Give j(-105).
1153
Let o(a) = -6267*a + 86217. Determine o(14).
-1521
Let w(y) = 45*y**3 - 336*y**2 - 130*y + 41. Calculate w(8).
537
Let z(x) = x**3 - 43*x**2 - 9715*x + 376384. Calculate z(38).
-6
Let d(p) = 5*p**2 - 83*p + 189. Determine d(6).
-129
Let h(p) = -9451*p - 189705. Calculate h(-20).
-685
Let i(p) = p**3 - 81*p**2 + 1055*p - 974. Give i(65).
1
Let q(o) = o**3 - 656*o**2 - 5332*o + 12844. Give q(664).
-436
Let n(o) = 38*o**3 - 186*o**2 - 14*o - 23. What is n(5)?
7
Let r(b) = -9642*b - 28779. Give r(-3).
147
Let v(t) = 3991*t + 2135177. Give v(-535).
-8
Let t(g) = 23493*g - 3406486. Calculate t(145).
-1
Let g(r) = 12590*r + 75629. Determine g(-6).
89
Let x(u) = -u**2 - 146*u - 2668. Give x(-125).
-43
Let o(a) = -1598*a + 42516. Calculate o(27).
-630
Let x(u) = -u**3 - 567*u**2 + 4058*u + 22952. Give x(-574).
-8
Let u(r) = -42595*r - 1235630. What is u(-29)?
-375
Let x(j) = -j**2 - 3350*j - 443282. Determine x(-138).
-26
Let y(v) = 2210*v - 4890. Determine y(2).
-470
Let p(j) = j**2 - 46578*j - 745498. Give p(-16).
6
Let v(k) = k**3 + 3597*k**2 - 79593*k - 547. Determine v(22).
3
Let v(w) = 1071*w + 6160. What is v(-6)?
-266
Let s(h) = -1434*h + 249534. Determine s(174).
18
Let b(v) = -6170*v + 43190. Calculate b(7).
0
Let g(j) = 31*j**2 - 108*j + 286. What is g(3)?
241
Let d(w) = 8*w**2 - 3104*w - 38276. Determine d(-12).
124
Let j(l) = -648*l - 3920. Calculate j(-6).
-32
Let n(p) = 2362*p - 687392. Determine n(291).
-50
Let y(h) = h**3 + 36*h**2 + 91*h - 311. What is y(-33)?
-47
Let l(w) = 402985*w + 20149254. What is l(-50)?
4
Let g(n) = n**3 - 176*n**2 + 921*n - 118. Calculate g(5).
212
Let d(m) = 1360*m + 64181. Give d(-47).
261
Let c(o) = -7344*o - 110921. Calculate c(-15).
-761
Let l(b) = 4*b**3 - 217*b**2 - 1133*b + 431. What is l(59)?
-277
Let g(i) = 62*i + 14982. Determine g(-220).
1342
Let j(i) = -i**3 + 17*i**2 - 3336*i + 22862. Determine j(7).
0
Let m(k) = -3785*k**2 - 15173*k - 10. Determine m(-4).
122
Let l(x) = -1589*x + 1300040. Determine l(818).
238
Let y(m) = -m**3 + 14*m**2 + 40*m - 35. What is y(12)?
733
Let o(p) = -p**3 + 22*p**2 + 323*p - 7132. Determine o(24).
-532
Let f(s) = 24*s + 1124. Determine f(-60).
-316
Let f(t) = 593*t**2 + 17196*t - 15. What is f(-29)?
14
Let c(j) = 3579*j + 25412. What is c(-8)?
-3220
Let d(m) = 772*m**2 - 1486*m - 134. Calculate d(2).
-18
Let d(i) = -i**3 + 111*i**2 - 421*i + 8. Calculate d(4).
36
Let g(x) = -4*x**2 + 735*x - 32801. Determine g(76).
-45
Let j(a) = -682*a + 3104. Determine j(6).
-988
Let q(i) = i**3 + 109*i**2 - 2582*i - 286. What is q(-129)?
-28
Let l(d) = -25034*d - 200255. Determine l(-8).
17
Let a(y) = 11*y**2 + 717*y - 137847. What is a(84)?
-3
Let u(s) = -s**2 - 1435*s - 153282. What is u(-116)?
-278
Let p(m) = 3671*m - 3039662. Determine p(828).
-74
Let a(t) = 52*t**2 + 1185*t + 2903. Calculate a(-20).
3
Let l(h) = -61*h**2 - 1547*h + 12134. Give l(8).
-4146
Let g(i) = 11508*i + 1392472. What is g(-121)?
4
Let j(g) = -1582*g - 411324. Calculate j(-260).
-4
Let g(j) = -j**3 + 70*j**2 - 230*j + 6421. What is g(68)?
29
Let h(k) = 6159*k + 104755. Calculate h(-17).
52
Let x(p) = p**2 - 138309*p + 553222. Determine x(4).
2
Let i(z) = 17*z**3 - 132*z**2 - 4*z - 227. Give i(8).
-3
Let d(j) = -j**3 + 50*j**2 - 129*j + 2457. Give d(48).
873
Let t(w) = -2*w**3 - 112*w**2 - 533*w - 1065. Give t(-51).
108
Let l(f) = -f**2 - 18*f + 25. Determine l(-4).
81
Let l(p) = 16541*p + 645100. What is l(-39)?
1
Let n(w) = -w**2 + 166*w - 7110. What is n(85)?
-225
Let x(l) = -24282*l**2 + 72823*l + 22. Determine x(3).
-47
Let k(g) = -g**2 + 227721*g - 683155. Determine k(3).
-1
Let t(p) = p**3 - 143*p**2 + 169*p - 3738. Calculate t(142).
96
Let i(w) = -92*w**2 + 3886*w - 823. Determine i(42).
101
Let w(l) = 1760827*l + 15847454. Determine w(-9).
11
Let w(f) = -426*f - 38336. What is w(-88)?
-848
Let x(m) = 156*m + 2368. Determine x(-6).
1432
Let z(o) = 23860*o + 95425. Give z(-4).
-15
Let l(v) = -2*v**3 - 147*v**2 - 55*v - 9537. What is l(-74)?
9
Let i(q) = q**3 + 7*q**2 - 250*q - 624. Calculate i(14).
-8
Let r(w) = -w**3 - 51*w**2 - 206*w - 5459. What is r(-49)?
-167
Let x(c) = -22566*c - 653931. What is x(-29)?
483
Let c(s) = -82674*s + 330558. Determine c(4).
-138
Let a(w) = -440*w - 71. Calculate a(2).
-951
Let z(h) = -2*h**2 + 1149*h - 116190. Determine z(131).
7
Let l(f) = 64*f**3 + 322*f**2 + 787*f + 3888. Calculate l(-5).
3
Let l(p) = -2*p**2 - 172*p - 2031. Calculate l(-83).
-1533
Let i(h) = 227*h**2 - 3098*h - 1139. Determine i(14).
-19
Let l(k) = -30*k**2 + 1875*k - 2750. Calculate l(61).
-5
Let z(q) = q**3 + 1407*q**2 + 347864*q + 26101. Give z(-1087).
13
Let p(i) = 5*i**3 + 31*i**2 - 501*i - 3629. Determine p(-7).
-318
Let h(v) = 145*v**2 + 962*v - 1673. Calculate h(-8).
-89
Let l(r) = 12*r**2 + 139*r + 75. Give l(-11).
-2
Let o(y) = 2*y**2 - 142*y + 1810. Calculate o(57).
214
Let v(j) = j**2 - 4624*j - 153678. Determine v(-33).
3
Let o(u) = -530*u + 8591. What is o(16)?
111
Let c(o) = 39*o**2 + 3112*o + 11322. Give c(-76).
74
Let j(u) = -u**3 - 42*u**2 + 53*u + 677. Give j(-44).
2217
Let d(z) = -z**3 - 500*z**2 - 17561*z - 2476. Calculate d(-462).
-166
Let c(k) = 7*k**3 - 59*k**2 - 125*k + 1108. What is c(8)?
-84
Let h(s) = 3*s**2 + 11147*s - 122974. Calculate h(11).
6
Let m(r) = 2*r**3 - 1546*r**2 + 40282*r + 1497. What is m(746)?
5
Let j(x) = -1202*x + 2687. Determine j(2).
283
Let w(s) = -57*s**2 + 23161*s - 7695. Give w(406).
19
Let r(z) = z**3 - 160*z**2 - 2249*z - 709. Determine r(173).
-709
Let j(r) = -r**2 + 1367*r + 254574. What is j(-166)?
96
Let u(t) = -2*t**2 + 569*t + 14807. Calculate u(-24).
-1
Let d(r) = 7605*r + 425854. What is d(-56)?
-26
Let p(v) = -249*v + 3188. Determine p(4).
2192
Let h(p) = p**3 + 90*p**2 - 143*p - 409. Determine h(3).
-1
Let n(t) = 2*t**2 - 108*t + 1283. What is n(35)?
-47
Let x(c) = -303*c**3 + c**2 + 109*c - 106. Determine x(1).
-299
Let k(r) = 2*r**2 - 3863*r + 83669. What is k(22)?
-349
Let c(g) = -2659*g - 10607. Give c(-4).
29
Let n(f) = f**2 - 737*f + 15693. Determine n(22).
-37
Let v(a) = -61*a**2 - 5507*a - 6937. Calculate v(-89).
5
Let c(a) = -a**3 + 554*a**2 - 3*a + 1481. Calculate c(554).
-181
Let n(l) = -4*l + 586. Give n(-13).
638
Let p(d) = 60*d + 560. Determine p(-10).
-40
Let j(o) = -12*o**3 + 85*o**2 - 57*o + 196. What is j(7)?
-154
Let z(c) = 16*c**2 + 2941*c + 19802. Calculate z(-7).
-1
Let r(k) = 10*k**2 - 550*k + 6745. Calculate r(12).
1585
Let j(s) = -s**3 - s**2 + 343*s + 2120. Calculate j(-8).
-176
Let v(y) = 27*y**2 - 2716*y - 16171. What is v(-6)?
1097
Let c(b) = -1170*b + 13065. What is c(11)?
195
Let y(w) = 237*w - 22221. Calculate y(101).
1716
Let b(z) = -2*z**3 - 311*z**2 + 474*z + 646. What is b(-157)?
175
Let j(v) = -45*v - 5465. Determine j(-118).
-155
Let y(u) = -3*u**2 + 955*u + 356831. Determine y(539).
13
Let n(z) = -z**3 - 7*z**2 - 551*z + 2319. Determine n(4).
-61
Let j(l) = -48*l**2 + 1737*l + 21713. Determine j(46).
47
Let a(d) = -129*d**2 - 309*d + 310. Give a(1).
-128
Let x(v) = 3*v**3 + 533*v**2 - 2366*v - 47. What is x(-182)?
-47
Let p(u) = -u**2 - 315*u - 4222. Determine p(-14).
-8
Let b(v) = 530*v + 55944. Determine b(-106).
-236
Let w(i) = 10*i**3 - 40*i**2 + 283*i - 1402. Determine w(5).
263
Let i(d) = 63601*d**2 - 699608*d - 24. What is i(11)?
9
Let w(o) = -6005*o - 132117. Calculate w(-22).
-7
Let v(p) = -8*p**2 - 289*p + 16559. Give v(-67).
10
Let i(q) = -7*q**3 - 33*q**2 - 150*q - 667. Calculate i(-5).
133
Let n(i) = -866*i - 2549. What is n(-4)?
915
Let y(t) = 3811*t + 266752. Give y(-70).
-18
Let u(n) = n**3 + 13*n**2 + 22*n - 19. Calculate u(-11).
-19
Let n(g) = 250507*g + 2254903. Give n(-9).
340
Let u(o) = 551403*o + 2757025. What is u(-